me?
False
Is 15900088943 prime?
False
Is 2071611757 composite?
True
Is 28101690089 prime?
False
Is 1075233941 composite?
False
Is 153711664451 a composite number?
False
Is 1724265343 a composite number?
False
Is 54628916269 a composite number?
True
Is 43306989971 composite?
True
Is 31535984539 prime?
False
Is 11806591343 prime?
True
Is 10359197791 a composite number?
False
Is 6118344971 a composite number?
True
Is 25334599573 a prime number?
False
Is 13328216611 prime?
True
Is 1532505641 a prime number?
False
Is 34271400487 prime?
True
Is 34978747009 a composite number?
False
Is 112249870141 a composite number?
False
Is 6669062093 a composite number?
False
Is 552623567 a composite number?
True
Is 526964507 a prime number?
True
Is 24699396937 prime?
False
Is 217657384859 a prime number?
True
Is 30447293287 a composite number?
False
Is 6896485821 a prime number?
False
Is 7572146507 a prime number?
False
Is 3508823873 composite?
False
Is 56845408309 a prime number?
True
Is 15692564347 composite?
False
Is 389017463 prime?
True
Is 3515412559 a prime number?
True
Is 3960087545 a composite number?
True
Is 19105336669 prime?
False
Is 1258969853 a composite number?
True
Is 5971309067 a composite number?
False
Is 56214176547 prime?
False
Is 7832682997 a prime number?
False
Is 1699847713 composite?
False
Is 636279083 prime?
False
Is 23959795011 prime?
False
Is 538808667 a composite number?
True
Is 13109495207 prime?
False
Is 2964403817 composite?
False
Is 221069201 a prime number?
False
Is 3842023693 composite?
True
Is 22503628577 composite?
False
Is 23452207 prime?
True
Is 9332426321 prime?
False
Is 13671315839 a prime number?
False
Is 7652648011 a prime number?
False
Is 60123397 a composite number?
False
Is 237588679 a prime number?
False
Is 8301891161 a composite number?
True
Is 22189811907 prime?
False
Is 151924273 a prime number?
False
Is 423347467 a prime number?
True
Is 164576497 composite?
True
Is 413848507 composite?
False
Is 342308899 a prime number?
False
Is 138709053669 prime?
False
Is 221459033 a composite number?
False
Is 3961393 a composite number?
False
Is 25424827651 a composite number?
True
Is 210553834045 a composite number?
True
Is 37481113327 composite?
True
Is 956812061 composite?
False
Is 3506665991 composite?
False
Is 8183203289 composite?
True
Is 3695627123 composite?
False
Is 277150177 a composite number?
False
Is 68911258607 a composite number?
True
Is 702588737 a prime number?
True
Is 5692150237 a prime number?
False
Is 11240165549 composite?
True
Is 2088522517 composite?
False
Is 481261723 composite?
True
Is 2281062053 composite?
True
Is 21139332061 composite?
True
Is 44931238321 prime?
False
Is 1990468895 a prime number?
False
Is 18102021187 prime?
True
Is 90924803 a composite number?
True
Is 1427181641 a composite number?
True
Is 6764305367 a prime number?
False
Is 6306975611 composite?
True
Is 1544046169 a composite number?
True
Is 4759575659 prime?
True
Is 16806413913 composite?
True
Is 165063553 prime?
True
Is 14310370895 a composite number?
True
Is 9688927823 prime?
False
Is 191417556877 a prime number?
True
Is 11834461537 composite?
False
Is 11684725721 composite?
False
Is 71278779541 prime?
True
Is 33375518527 a composite number?
True
Is 24805173509 a composite number?
False
Is 57677514827 composite?
True
Is 132239017 a prime number?
True
Is 153095743 a composite number?
True
Is 263972113 composite?
False
Is 943215089 a prime number?
True
Is 680996501 prime?
False
Is 205988669 a composite number?
True
Is 1299074353 a composite number?
False
Is 6271721369 a composite number?
False
Is 545438963 prime?
True
Is 1701369701 a composite number?
False
Is 419404021 a prime number?
False
Is 1421744726 a composite number?
True
Is 7804261463 prime?
True
Is 294743069 a prime number?
True
Is 72044693317 composite?
False
Is 180569135687 a prime number?
True
Is 132993643 prime?
True
Is 9149971889 composite?
True
Is 264000463333 prime?
True
Is 28214227519 a composite number?
False
Is 14198788063 composite?
False
Is 4397229209 a prime number?
True
Is 11301305417 a prime number?
False
Is 76994429 a prime number?
False
Is 895202909 prime?
True
Is 9447369377 a composite number?
False
Is 3459083291 a prime number?
True
Is 183608039 composite?
True
Is 68181079 prime?
False
Is 156519199 composite?
True
Is 541269323 a composite number?
True
Is 467714603 prime?
True
Is 50096287 prime?
False
Is 110901797801 a composite number?
False
Is 549873767 a composite number?
False
Is 3605932231 a prime number?
False
Is 39384859249 prime?
False
Is 475809127 a composite number?
True
Is 3141484139 prime?
False
Is 17636490877 a prime number?
False
Is 4593360203 prime?
False
Is 2351740579 a composite number?
False
Is 227605589971 composite?
False
Is 7014903977 composite?
True
Is 4095543071 a composite number?
False
Is 140510441 prime?
False
Is 42875846417 composite?
True
Is 159830652427 a prime number?
True
Is 2051392493 prime?
False
Is 303486283 prime?
True
Is 52342597 a prime number?
True
Is 4516713046 composite?
True
Is 16412677 prime?
True
Is 1982473621 prime?
False
Is 2201113549 composite?
False
Is 66948932319 prime?
False
Is 2096040451 prime?
False
Is 294647191 composite?
False
Is 1057557286 prime?
False
Is 486153128463 a prime number?
False
Is 46067402483 composite?
True
Is 59500130897 composite?
True
Is 6469265989 prime?
True
Is 405241561 a composite number?
True
Is 7001440559 a prime number?
True
Is 1108684463 composite?
False
Is 22753321763 prime?
False
Is 307369277 a composite number?
False
Is 5392770287 a prime number?
True
Is 279334889 a prime number?
True
Is 260446513 prime?
True
Is 4375767607 a composite number?
False
Is 3680819837 composite?
False
Is 1021501177 a prime number?
True
Is 300014527 a composite number?
True
Is 773332843 prime?
False
Is 5889351649 a prime number?
False
Is 2480959391 composite?
True
Is 1330109569 a prime number?
True
Is 1052127205 a prime number?
False
Is 84887969033 a composite number?
True
Is 807009537 a prime number?
False
Is 184339099793 composite?
False
Is 171667541 a prime number?
False
Is 314457998189 a prime number?
True
Is 3495420723 prime?
False
Is 5304823031 composite?
False
Is 24816919051 a composite number?
False
Is 3079224481 prime?
False
Is 68217152914 prime?
False
Is 7670887871 a composite number?
False
Is 124346629243 a composite number?
False
Is 22473915383 prime?
True
Is 20042850251 composite?
True
Is 1117304021 prime?
False
Is 1404993277 a prime number?
True
Is 463173817 a composite number?
False
Is 9335255443 a prime number?
True
Is 170215937 a composite number?
True
Is 152477806405 prime?
False
Is 1687925167 a prime number?
True
Is 939971 a composite number?
False
Is 1722413983 prime?
False
Is 433610773 composite?
True
Is 651470569 a prime number?
False
Is 20101312313 a composite number?
True
Is 70329897931 composite?
False
Is 5440860959 composite?
False
Is 310097245 prime?
False
Is 18116280239 composite?
False
Is 51520527563 composite?
False
Is 4944755599 a composite number?
True
Is 1322001361 a composite number?
True
Is 2026865969 a composite number?
False
Is 3247071827 composite?
False
Is 1142910757 a prime number?
True
Is 2316586667 composite?
False
Is 177850327 a prime number?
False
Is 1755747111 a composite number?
True
Is 26479021105 composite?
True
Is 3352863587 prime?
True
Is 67195434461 prime?
True
Is 28489129 a prime number?
True
Is 365315459 composite?
False
Is 4183410787 a prime number?
False
Is 417299023 composite?
False
Is 5146778561 prime?
True
Is 659462977 composite?
True
Is 21010177 a prime number?
True
Is 8004385513 a prime number?
True
Is 1749213373 prime?
True
Is 15723542039 a prime number?
True
Is 586203383 prime?
True
Is 56820433 composite?
True
Is 65027869 prime?
True
Is 6946892737 prime?
True
Is 916443833 prime?
True
Is 23888119 prime?
True
Is 160119655 a composite number?
True
Is 147376657 a prime number?
False
Is 18350650079 composite?
False
Is 4839371 a prime number?
False
Is 66208669 a composite number?
True
Is 1259600479 a prime number?
True
Is 76245179177 composite?
True
Is 1137180661 prime?
True
Is 4070023933 a prime number?
False
Is 490007537 prime?
True
Is 519040253 prime?
True
Is 225133449907 composite?
False
Is 2703922327 composite?
False
Is 8689066481 a 